 = -12 - d. Let p = y - -97. What are the prime factors of p?
2, 5
Suppose 149*u = 148*u + 4055. Suppose 0 = -5*h + 10*h + z - u, 0 = -5*h - 4*z + 4055. List the prime factors of h.
811
Let c = -19 - -19. Suppose 4*o - j - 22 = c, -5*o + 0*j + 33 = -4*j. What are the prime factors of 104/6*3 - (o + -2)?
7
Let z(d) = d + 26. Let h be z(0). Let j(k) = 4*k + 33*k**2 - 4 - h*k**2 - 9 - k**3. What are the prime factors of j(4)?
3, 17
Suppose -11*f + 62 + 48 = 0. Let d = f + 18. Suppose 2 = -w, -172 = -2*c - 2*w + d. What are the prime factors of c?
2, 3, 17
Suppose 6*v - 2*c = v - 867, -4*v - 688 = 4*c. What are the prime factors of (-5)/2*(19 + v)?
5, 7, 11
Suppose 4*h + 73716 = 8*w, -4*w - 4*h + 46066 = w. List the prime factors of w.
2, 17, 271
Let d(k) = 2*k**2 + 32*k - 49. Let a be d(24). Let s = a + -1235. List the prime factors of s.
2, 3, 53
What are the prime factors of (-124)/93*(-78558)/4?
2, 13093
What are the prime factors of (((-2)/(-6))/(100/(-97560)))/(2/(-5))?
3, 271
Suppose -3*i + 3*a + 38016 = 0, 2*a - 6229 = -i + 6437. What are the prime factors of i?
2, 5, 7, 181
Suppose 5*x - 1309 = 3*g + 1072, -2*x + 3*g + 947 = 0. Let n = -238 + x. What are the prime factors of n?
2, 3, 5
Suppose 4*j = 101 + 83. Let b = -148 + 281. Let f = b - j. What are the prime factors of f?
3, 29
Let j(x) = -x**2 + x + 6. Let v = 79 - 76. Let g be j(v). Suppose 7*q - 15*q + 1160 = g. What are the prime factors of q?
5, 29
Let w = 52861 + -7301. What are the prime factors of w?
2, 5, 17, 67
Let o(n) = 0 + 1 - 14*n - 17*n. Let b(k) = -k**2 - 24*k - 3. Let w be b(0). What are the prime factors of o(w)?
2, 47
Suppose -27*s + 24*s + 3*z + 18 = 0, -3*s = -5*z - 24. Suppose -4251 = -3*t + 28*m - 26*m, -5*m - 4260 = -s*t. List the prime factors of t.
5, 283
Let u = 6352 - 4286. List the prime factors of u.
2, 1033
Let n(u) = 43*u**2 - 2. Suppose 0 = d + 2*f - f - 22, 4*d - 84 = -2*f. Suppose -5*y + 3*v = 6*v + d, -7 = 2*y + v. What are the prime factors of n(y)?
41
Let x = 22955 - 15290. What are the prime factors of x?
3, 5, 7, 73
Let x(a) = -a**3 + 16*a**2 + 40*a + 75. Let i be 357/17 - (-5)/(-1). What are the prime factors of x(i)?
5, 11, 13
Suppose -6*i + a = -i - 18, -i = a - 6. List the prime factors of ((-7701)/(-136))/(6/i)*12.
3, 151
Let m(d) = -107 + 880*d + 1 - 814*d. List the prime factors of m(6).
2, 5, 29
Let k = -5707 + 14801. What are the prime factors of k?
2, 4547
What are the prime factors of 61144/10 + 260/(-650)?
2, 3, 1019
Let p(g) = g**3 + g + 75. Let j = -32 - -32. Suppose j*v - v + 2*z - 2 = 0, 0 = -z + 1. What are the prime factors of p(v)?
3, 5
Let o(q) be the second derivative of 11*q**3/6 - 9*q**2/2 + 8*q. Let b be (-1)/((-9)/(-105) - (-10)/(-35)). List the prime factors of o(b).
2, 23
Let h = 305 + -233. Suppose -1202 = h*y - 74*y. What are the prime factors of y?
601
Let o be (16/24)/(3 + (-17)/6). Suppose 5*n = 3*v - 56, -81 - 1 = -o*v + 3*n. List the prime factors of v.
2, 11
Let j(s) = -13*s**2 + 4*s - 9. Let w be j(-7). Let d = -384 - w. Suppose d = 2*c + 38. List the prime factors of c.
2, 3, 7
Suppose -603 = -40*o - 43. Suppose -4*z - 5080 = -5*b, 1030 = -o*b + 15*b + 2*z. List the prime factors of b.
2, 3, 5, 17
Let u = -106 + 110. Suppose -3*b = -5*r - 1988, u*b - 5*r - 2689 = -6*r. List the prime factors of b.
11, 61
Let x be (-2 - 115/(-5))*(-2 + 3). Let v(k) = -23*k**2 - 6*k - 6. Let c be v(-4). What are the prime factors of ((-87)/x + -1)*c/20?
2, 3, 5
Let l = 481 - 473. Suppose -l*u + 1158 = -4762. List the prime factors of u.
2, 5, 37
Let v(s) = 692*s**2 + 62*s - 154. What are the prime factors of v(4)?
2, 3, 1861
Suppose 54 = -5*f - q, 3*f - 4*q + 10 = q. Let j be (-5742)/f - 4/(-5). Suppose -5*a - j = -10*a. What are the prime factors of a?
5, 23
List the prime factors of (528/(-396))/(4/(-183933)).
3, 107, 191
Let u = 8322 + 458. What are the prime factors of u?
2, 5, 439
Let o = -3267 + 20867. What are the prime factors of o?
2, 5, 11
Let a(c) = -c**3 + 10*c**2 + 12*c - 8. Let s = 30 - 19. Let i be a(s). Suppose -43 = -i*z + 26. List the prime factors of z.
23
Suppose 5*p = -158*y + 153*y + 50170, 15 = -3*p. What are the prime factors of y?
10039
Suppose -4*h - 794 = q - 3*h, 4*h = 4. Let p = 1572 + q. List the prime factors of p.
3, 7, 37
Suppose 0 = 3*y - 0*y - 498. Let h = y - -50. What are the prime factors of (4/(-16)*2)/((-4)/h)?
3
Suppose 0 = -z + 4*j + 517, 0*z + 3*j = -2*z + 990. Suppose 0 = -5*a - 2*l - z, -4*a - l + 6*l - 381 = 0. Let r = -81 - a. What are the prime factors of r?
2, 3
Let b = -213962 + 310633. List the prime factors of b.
96671
Suppose -3*k - 3 = 4*l - 10, 0 = -k - l + 1. Let p(r) = 57*r**2 + 4*r - 1. Let v be p(k). Let i = -336 + v. What are the prime factors of i?
2, 41
Let z(p) = p**2 - 26*p - 7. Let d be z(18). Let q = 211 + d. Suppose 4*s = 5*j - q, 4*j + 3*s = 4*s + 37. What are the prime factors of j?
2
Suppose -3*r - 4*n = -16, r + 0*r - 4 = -n. Suppose 20*k = -2*l + 15*k + 804, r = -l - 2*k + 402. What are the prime factors of l?
2, 3, 67
Let d = 153 - -197. Let z = d + 531. List the prime factors of z.
881
Let k(c) = -17*c - 29. Let g be k(-2). Suppose -g*f + 1291 = 3*a, 0 = 4*f + 4*a - 1336 + 308. What are the prime factors of f?
2, 5, 13
Suppose -22224 = -3*z + 3*k, -20*z - 14818 = -22*z + 3*k. What are the prime factors of z?
2, 7, 23
Let p = 18832 - 11571. What are the prime factors of p?
53, 137
Suppose m = 9*x - 14*x + 828, -2*m + 336 = 2*x. Let q be 4/(-14) + 300/21. Suppose 13*z = q*z - x. What are the prime factors of z?
3, 5, 11
Suppose -3*m - 170940 = -2*g, -5*g + 50*m = 46*m - 427364. What are the prime factors of g?
2, 3, 17, 419
Let q(u) = -9*u + 3. Let h(i) = -5*i + 1. Let p(x) = 11*h(x) - 6*q(x). Let l be p(-5). List the prime factors of 866*4/28 - l/7.
2, 31
Let j(l) = 19*l - 16. Let o be j(3). Let r = o + -41. Suppose 5*s - 2*s + 3*c = 132, r = 2*s - 5*c - 53. What are the prime factors of s?
3, 13
Let y(j) = 9*j - 22. Let c(u) = -4*u + 10. Let i(l) = 7*c(l) + 3*y(l). Let n be i(7). Let h(w) = -5*w**2 - 15*w + 4. List the prime factors of h(n).
2
List the prime factors of (-48598)/(-968)*348 - (-5)/(110/(-4)).
17471
Let i(u) = -u**3 + 17*u**2 - 11*u - 31. Let h be i(14). What are the prime factors of h + (-2 - -10 - 2)?
409
Let p(w) = -w**3 + 19*w**2 + w - 1. Let z be p(19). Suppose z*x - 21 = 11*x. Suppose -71 = -x*u + 52. List the prime factors of u.
41
Let a be (121 - -1)*(4 - 1 - -1). Suppose -3*m = 2*b - 289 - 37, -4*m + a = 3*b. What are the prime factors of b?
2, 5
Suppose 2019 = -7*a - 1117. Let h = -360 - a. List the prime factors of h.
2, 11
Let r(z) = -8*z**3 - 2*z**2 - 3*z - 35. Let f be r(-5). Suppose 0 = c + 5*u - f, c + 2*c + 4*u = 2845. List the prime factors of c.
5, 191
Let n(g) = -172*g**2 + 7*g - 11 + 173*g**2 - 2. List the prime factors of n(23).
677
Let g(h) = -h**3 - 6*h**2 - 2*h - 11. Let c be g(-7). Let q(w) = -59 + 5*w + 35*w + c. List the prime factors of q(5).
193
Let d(k) = k**3 + 12*k**2 + 21*k + 13. Let g be d(-10). Suppose -x + g*x = -198. Let n = -58 - x. List the prime factors of n.
41
Let k be (-3)/2 - 3/6 - -6. Suppose -3*g + 5*g + 9 = -5*n, 0 = 4*g + k*n. What are the prime factors of (g + -5)/(10/(-395))?
79
Suppose 2*d + 2*x = 68, 38 = 2*d + x - 5*x. Let s(z) = 2*z + 17. Let q be s(-7). Suppose -4*n = -q*p - d, -n + p = -8 + 2. List the prime factors of n.
11
Let d(i) = 49*i**3 + 2*i**2 + 2*i - 5. Let q be d(2). Suppose -2*c - 2*k + q = 3*k, -787 = -4*c + k. Let w = c - 96. What are the prime factors of w?
101
Suppose -1433 = 37*j - 5170. What are the prime factors of j?
101
List the prime factors of (-54)/(-36) + -1*58964/(-8).
2, 19, 97
Suppose 5*x + 0 = -0. Suppose -4*z = -7*z + 4*g - 8, x = -5*z + 5*g - 5. Suppose 0*j + 234 = 2*n + 5*j, -z*n - 3*j = -482. What are the prime factors of n?
2, 61
Let l(g) = -438*g**3 - g**2 + g. Suppose -6*u + 16 - 22 = 0. What are the prime factors of l(u)?
2, 109
Let d be 4/(-6) + 13624/6 + -4. Suppose d = 14*i - 702. List the prime factors of i.
2, 53
Let g(f) = -f**3 + 12*f**2 - 14*f - 10. Let o(v) = v**3 + 8*v**2 - 6*v - 3. Let l be o(-9). Let s be 40/l*(-15)/2. What are the prime factors of g(s)?
2, 5
Let f(s) = -26 + 5 - 5*s**2 - 2*s**3 + 8 - 6*s + 6. Let u be f(-6). Let b 